ided by 9516.
198
Calculate the remainder when 39421 is divided by 737.
360
What is the remainder when 35415530 is divided by 64275?
5
Calculate the remainder when 77355340 is divided by 50.
40
Calculate the remainder when 3996236 is divided by 40.
36
What is the remainder when 44919 is divided by 513?
288
What is the remainder when 116006467 is divided by 15?
7
What is the remainder when 4237791 is divided by 2518?
2515
What is the remainder when 3029 is divided by 2209?
820
What is the remainder when 1360828 is divided by 111?
79
What is the remainder when 4626383 is divided by 21?
20
Calculate the remainder when 11693 is divided by 3890.
23
What is the remainder when 37129 is divided by 5445?
4459
What is the remainder when 23055345 is divided by 1185?
1170
What is the remainder when 564939 is divided by 188?
187
What is the remainder when 29460518 is divided by 233?
231
Calculate the remainder when 8307 is divided by 508.
179
Calculate the remainder when 2565 is divided by 529.
449
What is the remainder when 309778 is divided by 679?
154
Calculate the remainder when 673310 is divided by 346.
340
Calculate the remainder when 16301077 is divided by 115.
57
What is the remainder when 1368444 is divided by 43?
12
What is the remainder when 5010870 is divided by 282?
12
Calculate the remainder when 1992991 is divided by 4861.
4842
Calculate the remainder when 10025466 is divided by 23870.
66
Calculate the remainder when 5086205 is divided by 1179.
1178
What is the remainder when 7055917 is divided by 1445?
1427
What is the remainder when 3814223 is divided by 3814206?
17
Calculate the remainder when 538266 is divided by 4153.
2529
What is the remainder when 81514438 is divided by 98?
96
What is the remainder when 82687881 is divided by 194103?
3
Calculate the remainder when 2598422 is divided by 186.
2
Calculate the remainder when 3603639 is divided by 4562.
4221
Calculate the remainder when 603361 is divided by 3594.
3163
Calculate the remainder when 218039 is divided by 2506.
17
Calculate the remainder when 21998185 is divided by 7332724.
13
Calculate the remainder when 251327 is divided by 14774.
169
What is the remainder when 159449 is divided by 152?
1
What is the remainder when 19276 is divided by 5680?
2236
What is the remainder when 35319496 is divided by 5316?
5308
What is the remainder when 1688211704 is divided by 221?
218
What is the remainder when 32871307 is divided by 82?
49
What is the remainder when 253513014 is divided by 245?
244
What is the remainder when 2049414 is divided by 170783?
18
Calculate the remainder when 1095291403 is divided by 913.
910
Calculate the remainder when 2677724 is divided by 135.
134
Calculate the remainder when 12704995 is divided by 19.
18
Calculate the remainder when 48988797 is divided by 16.
13
What is the remainder when 10586509 is divided by 4362?
4297
What is the remainder when 3662167 is divided by 40?
7
Calculate the remainder when 120476 is divided by 4457.
137
What is the remainder when 416487 is divided by 17353?
15
Calculate the remainder when 1596574 is divided by 880.
254
What is the remainder when 7764451 is divided by 28757?
61
Calculate the remainder when 2228 is divided by 372.
368
What is the remainder when 848568 is divided by 44?
28
What is the remainder when 425770 is divided by 141792?
394
What is the remainder when 9220586 is divided by 3073528?
2
What is the remainder when 13933827 is divided by 1359?
0
Calculate the remainder when 1854494 is divided by 72.
62
What is the remainder when 242615470 is divided by 2775?
2770
What is the remainder when 136891 is divided by 1730?
221
Calculate the remainder when 74605551 is divided by 186.
21
Calculate the remainder when 15223079 is divided by 10.
9
Calculate the remainder when 147492477 is divided by 8.
5
Calculate the remainder when 3332897 is divided by 88.
73
Calculate the remainder when 202309 is divided by 761.
644
Calculate the remainder when 9285582 is divided by 60.
42
Calculate the remainder when 32859948 is divided by 4372.
4368
Calculate the remainder when 868920 is divided by 224.
24
What is the remainder when 54954180 is divided by 20?
0
Calculate the remainder when 2771715 is divided by 106604.
11
What is the remainder when 26425227 is divided by 201?
159
What is the remainder when 203402885 is divided by 10170144?
5
What is the remainder when 27318211 is divided by 62?
19
Calculate the remainder when 138094 is divided by 137.
135
What is the remainder when 446963 is divided by 7470?
6233
Calculate the remainder when 209528 is divided by 671.
176
What is the remainder when 1356639 is divided by 2830?
1069
Calculate the remainder when 3248699 is divided by 32.
27
Calculate the remainder when 18580 is divided by 1079.
237
Calculate the remainder when 5480 is divided by 2490.
500
Calculate the remainder when 77860415 is divided by 21.
17
What is the remainder when 30657 is divided by 3809?
185
What is the remainder when 16303153 is divided by 37?
28
What is the remainder when 757546 is divided by 21644?
6
Calculate the remainder when 155608 is divided by 14.
12
Calculate the remainder when 7140500 is divided by 1291.
1270
Calculate the remainder when 540084 is divided by 1506.
936
Calculate the remainder when 2255550 is divided by 31.
21
What is the remainder when 3983906 is divided by 1933?
1926
Calculate the remainder when 52720304 is divided by 958550.
54
Calculate the remainder when 158745 is divided by 4070.
15
What is the remainder when 14074272 is divided by 199?
196
What is the remainder when 2043210524 is divided by 49?
47
What is the remainder when 12963 is divided by 5340?
2283
Calculate the remainder when 31614 is divided by 1227.
939
Calculate the remainder when 3840974 is divided by 8632.
8366
Calculate the remainder when 14488568 is divided by 2157.
2156
Calculate the remainder when 3384714 is divided by 564107.
72
Calculate the remainder when 20909547 is divided by 6969830.
57
Calculate the remainder when 4062269 is divided by 2110.
519
Calculate the remainder when 464149 is divided by 202.
155
Calculate the remainder when 788174 is divided by 19.
16
What is the remainder when 3542513 is divided by 719?
0
What is the remainder when 14293028 is divided by 140?
8
Calculate the remainder when 1024690 is divided by 749.
58
What is the remainder when 344122 is divided by 4713?
73
Calculate the remainder when 29821694 is divided by 58.
8
Calculate the remainder when 3634390 is divided by 1211455.
25
Calculate the remainder when 5311 is divided by 4811.
500
Calculate the remainder when 346194 is divided by 2885.
2879
Calculate the remainder when 1855249 is divided by 3490.
2059
What is the remainder when 258390 is divided by 51668?
50
What is the remainder when 491713 is divided by 108?
97
Calculate the remainder when 13153 is divided by 8890.
4263
Calculate the remainder when 17182928 is divided by 63.
56
What is the remainder when 19741894 is divided by 1274?
1264
Calculate the remainder when 1001437 is divided by 55625.
187
Calculate the remainder when 7014427 is divided by 606.
583
Calculate the remainder when 37769 is divided by 9316.
505
Calculate the remainder when 9931389 is divided by 2664.
2661
What is the remainder when 12469886 is divided by 32?
30
What is the remainder when 1384227 is divided by 1384226?
1
What is the remainder when 17533233 is divided by 278305?
18
Calculate the remainder when 4951091 is divided by 33.
2
Calculate the remainder when 218238 is divided by 13465.
2798
What is the remainder when 153079204 is divided by 30615836?
24
Calculate the remainder when 78570745 is divided by 474.
31
Calculate the remainder when 35023436 is divided by 48.
44
What is the remainder when 27003 is divided by 6510?
963
Calculate the remainder when 256262 is divided by 6090.
482
What is the remainder when 18956 is divided by 846?
344
What is the remainder when 7812104 is divided by 781202?
84
What is the remainder when 796154732 is divided by 26?
22
Calculate the remainder when 25764 is divided by 159.
6
Calculate the remainder when 5803734 is divided by 5803727.
7
Calculate the remainder when 302528 is divided by 263.
78
What is the remainder when 5226547 is divided by 82961?
4
What is the re